7885?
8
What is the ten thousands digit of 65362?
6
What is the ten thousands digit of 5926299?
2
What is the tens digit of 6478319?
1
What is the hundred thousands digit of 300618?
3
What is the units digit of 4805349?
9
What is the thousands digit of 394628?
4
What is the thousands digit of 8797556?
7
What is the thousands digit of 324069?
4
What is the tens digit of 6543037?
3
What is the units digit of 107287?
7
What is the hundreds digit of 322181?
1
What is the hundred thousands digit of 2453883?
4
What is the thousands digit of 171093?
1
What is the ten millions digit of 19205173?
1
What is the hundred thousands digit of 481127?
4
What is the tens digit of 1467573?
7
What is the hundred thousands digit of 11232083?
2
What is the hundred thousands digit of 2337381?
3
What is the ten thousands digit of 87990?
8
What is the hundreds digit of 103384?
3
What is the units digit of 79790?
0
What is the thousands digit of 54402?
4
What is the ten thousands digit of 482620?
8
What is the ten thousands digit of 801919?
0
What is the hundreds digit of 309678?
6
What is the tens digit of 200057?
5
What is the thousands digit of 5911594?
1
What is the units digit of 456266?
6
What is the units digit of 1157963?
3
What is the millions digit of 1147158?
1
What is the hundred thousands digit of 540180?
5
What is the tens digit of 255155?
5
What is the hundred thousands digit of 573114?
5
What is the ten thousands digit of 2038020?
3
What is the ten thousands digit of 228499?
2
What is the tens digit of 2524539?
3
What is the thousands digit of 6323164?
3
What is the hundreds digit of 325549?
5
What is the hundreds digit of 240148?
1
What is the thousands digit of 22182?
2
What is the units digit of 57186?
6
What is the units digit of 37703?
3
What is the ten thousands digit of 433591?
3
What is the hundreds digit of 336619?
6
What is the tens digit of 191757?
5
What is the hundred thousands digit of 3624976?
6
What is the ten thousands digit of 563844?
6
What is the units digit of 270650?
0
What is the hundred thousands digit of 164120?
1
What is the millions digit of 1383345?
1
What is the hundreds digit of 2565267?
2
What is the units digit of 34?
4
What is the millions digit of 18796753?
8
What is the tens digit of 735882?
8
What is the units digit of 13658577?
7
What is the hundred thousands digit of 6334654?
3
What is the units digit of 794050?
0
What is the ten thousands digit of 542938?
4
What is the ten thousands digit of 63202?
6
What is the tens digit of 559250?
5
What is the millions digit of 1373923?
1
What is the ten thousands digit of 91069?
9
What is the ten thousands digit of 595953?
9
What is the thousands digit of 673350?
3
What is the hundreds digit of 3391441?
4
What is the tens digit of 764096?
9
What is the units digit of 53834?
4
What is the units digit of 234144?
4
What is the thousands digit of 4418955?
8
What is the units digit of 9647881?
1
What is the units digit of 4870365?
5
What is the hundreds digit of 293704?
7
What is the thousands digit of 260977?
0
What is the thousands digit of 2614983?
4
What is the units digit of 368067?
7
What is the ten thousands digit of 3582157?
8
What is the hundred thousands digit of 25052128?
0
What is the hundred thousands digit of 250000?
2
What is the thousands digit of 1410538?
0
What is the millions digit of 1540625?
1
What is the thousands digit of 3477425?
7
What is the units digit of 851356?
6
What is the ten thousands digit of 10143949?
4
What is the ten thousands digit of 179825?
7
What is the ten thousands digit of 16279658?
7
What is the tens digit of 7483057?
5
What is the units digit of 654614?
4
What is the hundreds digit of 1625025?
0
What is the hundreds digit of 852093?
0
What is the tens digit of 973091?
9
What is the thousands digit of 5789168?
9
What is the thousands digit of 13096101?
6
What is the units digit of 6198884?
4
What is the tens digit of 10174986?
8
What is the ten thousands digit of 13681633?
8
What is the units digit of 1630003?
3
What is the millions digit of 5520670?
5
What is the ten millions digit of 14285129?
1
What is the thousands digit of 17316864?
6
What is the hundred thousands digit of 7922206?
9
What is the hundreds digit of 15022372?
3
What is the tens digit of 463181?
8
What is the units digit of 465084?
4
What is the hundred thousands digit of 3536669?
5
What is the ten millions digit of 10523991?
1
What is the tens digit of 30568?
6
What is the thousands digit of 399538?
9
What is the thousands digit of 1712386?
2
What is the ten thousands digit of 558004?
5
What is the tens digit of 278481?
8
What is the hundred thousands digit of 1633527?
6
What is the tens digit of 312563?
6
What is the ten thousands digit of 18674?
1
What is the tens digit of 3079822?
2
What is the thousands digit of 330468?
0
What is the millions digit of 9210971?
9
What is the ten thousands digit of 5587744?
8
What is the ten thousands digit of 441873?
4
What is the units digit of 1545035?
5
What is the tens digit of 24079?
7
What is the units digit of 12745966?
6
What is the thousands digit of 579850?
9
What is the units digit of 12244?
4
What is the hundreds digit of 260635?
6
What is the units digit of 305747?
7
What is the ten thousands digit of 18272495?
7
What is the hundreds digit of 1229224?
2
What is the units digit of 242743?
3
What is the tens digit of 2393067?
6
What is the hundreds digit of 7408750?
7
What is the hundreds digit of 14193755?
7
What is the hundred thousands digit of 184451?
1
What is the tens digit of 8361656?
5
What is the ten thousands digit of 4048320?
4
What is the ten thousands digit of 1985983?
8
What is the hundreds digit of 17587818?
8
What is the units digit of 1088817?
7
What is the thousands digit of 18886446?
6
What is the hundreds digit of 28718888?
8
What is the ten thousands digit of 316198?
1
What is the hundreds digit of 17036555?
5
What is the tens digit of 640324?
2
What is the thousands digit of 8576377?
6
What is the ten thousands digit of 17166179?
6
What is the thousands digit of 1035630?
5
What is the units digit of 535198?
8
What is the hundreds digit of 149336?
3
What is the hundreds digit of 1563312?
3
What is the hundred thousands digit of 11555174?
5
What is the hundreds digit of 433794?
7
What is the tens digit of 32736?
3
What is the hundred thousands digit of 797071?
7
What is the units digit of 7216201?
1
What is the hundred thousands digit of 20951050?
9
What is the thousands digit of 29770886?
0
What is the hundreds digit of 1404160?
1
What is the hundreds digit of 198944?
9
What is the ten thousands digit of 2323089?
2
What is the ten thousands digit of 1142537?
4
What is the hundreds digit of 476812?
8
What is the hundreds digit of 1659918?
9
What is the ten thousands digit of 496088?
9
What is the tens digit of 9141388?
8
What is the thousands digit of 651930?
1
What is the millions digit of 27876231?
7
What is the ten thousands digit of 644365?
4
What is the tens digit of 1477747?
4
What is the hundreds digit of 210687?
6
What is the tens digit of 1403324?
2
What is the thousands digit of 2779687?
9
What is the units digit of 27878756?
6
What is the thousands digit of 376132?
6
What is the tens digit of 2421732?
3
What is the hundred thousands digit of 7069367?
0
What is the tens digit of 1985941?
4
What is the ten thousands digit of 754887?
5
What is the hundred thousands digit of 381514?
3
What is the units digit of 492700?
0
What is the tens digit of 871355?
5
What is the ten thousands digit of 1263311?
6
What is the tens digit of 11739215?
1
What is the tens digit of 3747955?
5
What is the hundreds digit of 367387?
3
What is the thousands digit of 2119654?
9
What is the tens digit of 10379?
7
What is the hundreds digit of 2582313?
3
What is the tens digit of 3017685?
8
What is the ten thousands digit of 768413?
6
What is the hundred thousands digit of 1021866?
0
What is the hundreds digit of 2880786?
7
What is the hundred thousands digit of 2774379?
7
What is the ten thousands digit of 1590954?
9
What is the units digit of 5310?
0
What is the tens digit of 239050?
5
What is the hundreds digit of 214670?
6
What is the tens digit of 1074773?
7
What is the hundreds digit of 522815?
8
What is the